{"id":1517,"date":"2022-08-03T09:18:38","date_gmt":"2022-08-03T09:18:38","guid":{"rendered":"https:\/\/www3.ameba.ch\/?page_id=1517"},"modified":"2023-01-11T11:32:12","modified_gmt":"2023-01-11T11:32:12","slug":"workshops","status":"publish","type":"page","link":"https:\/\/dev.ameba.ch\/index.php\/workshops\/","title":{"rendered":"Workshops"},"content":{"rendered":"<p><section class=\"kc-elm kc-css-481873 kc_row\"><div class=\"kc-row-container  kc-container\"><div class=\"kc-wrap-columns\"><div class=\"kc-elm kc-css-495811 kc_col-sm-7 kc_column kc_col-sm-7\"><div class=\"kc-col-container\">\n<div class=\"kc-elm kc-css-971264 kc-title-wrap \">\n\n\t<h1 class=\"kc_title\">Workshops von Profis f\u00fcr Profis<\/h1>\n<\/div>\n<div class=\"kc-elm kc-css-395938 kc_text_block\"><\/p>\n<p>\nIn regelm\u00e4ssigen Abst\u00e4nden veranstalten wir in unseren R\u00e4umen Workshops mit ausgewiesenen Profis zu hochspezialisierten Themen, u.a. f\u00fcr Steinmetze und Bildhauer zu <a href=\"https:\/\/dev.ameba.ch\/index.php\/services\/abformmassen\/\" target=\"_blank\" rel=\"noopener\">Formenbau<\/a>. In Zukunft folgen auch Workshops zu <a href=\"https:\/\/dev.ameba.ch\/index.php\/services\/elektrovergussmassen\/\" target=\"_blank\" rel=\"noopener\">Elektrovergussmassen<\/a> und Klebeanwendungen mit <a href=\"https:\/\/dev.ameba.ch\/index.php\/services\/klebstoffe\/\" target=\"_blank\" rel=\"noopener\">Strukturklebstoffen<\/a>.<\/p>\n<p><span style=\"font-style: inherit;\">In K\u00fcrze werden neue Termine aufgeschaltet.\u00a0<\/span><\/p>\n<p><span style=\"font-style: inherit;\">Haben Sie Interesse an einem Workshop? Dann freuen wir uns \u00fcber Ihre Kontaktaufnahme unter 061 322 42 24 oder info@ameba.ch.<\/span><\/p>\n<p>\n<\/div><div class=\"kc-elm kc-css-561227\" style=\"height: 20px; clear: both; width:100%;\"><\/div>\n<div class=\"kc-elm kc-css-473867 kc-title-wrap \">\n\n\t<h3 class=\"kc_title\">N\u00e4chste Termine:<\/h3>\n<\/div>\n<div class=\"kc-elm kc-css-494765 kc_text_block\"><\/p>\n<p><strong>Termin folgt in K\u00fcrze<\/strong><\/p>\n<p>Workshop mit <a href=\"https:\/\/skulpturen-atelier.ch\/\" target=\"_blank\" rel=\"noopener\">Haiggi Baumgartner<\/a> von der Basler M\u00fcnsterbauh\u00fctte zum Thema &#8220;Abformen in der Vertikale\"<\/p>\n<p>Anmeldungen an info@ameba.ch. Maximale Teilnehmerzahl 8 Personen.<\/p>\n<ul>\n<li>Dauer 9.00 &#8211; 17.00 Uhr<\/li>\n<li>Kurskosten: CHF 200 inklusive Mittagessen und Kursmaterialien<\/li>\n<\/ul>\n<p>Weitere Informationen folgen.<\/p>\n<p>\n<\/div><\/div><\/div><div class=\"kc-elm kc-css-838442 kc_col-sm-5 kc_column kc_col-sm-5\"><div class=\"kc-col-container\"><div class=\"kc-elm kc-css-891036\" style=\"height: 81px; clear: both; width:100%;\"><\/div><div class=\"kc-elm kc-css-237350 kc_shortcode kc_single_image\">\n\n        <img src=\"https:\/\/dev.ameba.ch\/wp-content\/uploads\/2017\/09\/IMG20220622093356.jpg\" class=\"\" alt=\"\" \/>    <\/div>\n<div class=\"kc-elm kc-css-445788 kc_row kc_row_inner\"><div class=\"kc-elm kc-css-774129 kc_col-sm-6 kc_column_inner kc_col-sm-6\"><div class=\"kc_wrapper kc-col-inner-container\"><div class=\"kc-elm kc-css-470462 kc_shortcode kc_single_image\">\n\n        <img src=\"https:\/\/dev.ameba.ch\/wp-content\/uploads\/2017\/09\/IMG20220622091601.jpg\" class=\"\" alt=\"\" \/>    <\/div>\n<\/div><\/div><div class=\"kc-elm kc-css-102170 kc_col-sm-6 kc_column_inner kc_col-sm-6\"><div class=\"kc_wrapper kc-col-inner-container\"><div class=\"kc-elm kc-css-266915 kc_shortcode kc_single_image\">\n\n        <img src=\"https:\/\/dev.ameba.ch\/wp-content\/uploads\/2017\/09\/IMG20220622161938.jpg\" class=\"\" alt=\"\" \/>    <\/div>\n<\/div><\/div><\/div><\/div><\/div><\/div><\/div><\/section><section class=\"kc-elm kc-css-638017 kc_row\"><div class=\"kc-row-container  kc-container\"><div class=\"kc-wrap-columns\"><div class=\"kc-elm kc-css-636368 kc_col-sm-12 kc_column kc_col-sm-12\"><div class=\"kc-col-container\"><div class=\"kc-elm kc-css-792130 kc_box_wrap \"><div><div class=\"one-one\"><p><br><\/p><\/div><\/div><\/div><\/div><\/div><\/div><\/div><\/section><section class=\"kc-elm kc-css-211990 kc_row\"><div class=\"kc-row-container  kc-container\"><div class=\"kc-wrap-columns\"><div class=\"kc-elm kc-css-567597 kc_col-sm-12 kc_column kc_col-sm-12\"><div class=\"kc-col-container\"><div class=\"kc-elm kc-css-698220 kc_row kc_row_inner\"><div class=\"kc-elm kc-css-316985 kc_col-sm-6 kc_column_inner kc_col-sm-6\"><div class=\"kc_wrapper kc-col-inner-container\">\n<div class=\"kc-elm kc-css-943755 kc-title-wrap \">\n\n\t<h3 class=\"kc_title\">Vergangene Termine:<\/h3>\n<\/div>\n<div class=\"kc-elm kc-css-847792 kc_text_block\"><\/p>\n<h4>Workshop &#8220;Praktischer Umgang mit Silikon im Gussformenbau\" vom 22. Juni 2022<\/h4>\n<p>\n<\/div><div class=\"kc-elm kc-css-323709 kc_shortcode kc_single_image\">\n\n        <a  href=\"https:\/\/dev.ameba.ch\/wp-content\/uploads\/2017\/09\/Flyer_Workshop_22.6.22.jpg\" title=\"\" target=\"\">\n        <img src=\"https:\/\/dev.ameba.ch\/wp-content\/uploads\/2017\/09\/Flyer_Workshop_22.6.22-218x300.jpg\" class=\"\" alt=\"\" \/>    <\/a>\n    <\/div>\n<\/div><\/div><div class=\"kc-elm kc-css-405564 kc_col-sm-6 kc_column_inner kc_col-sm-6\"><div class=\"kc_wrapper kc-col-inner-container\"><\/div><\/div><\/div><\/div><\/div><\/div><\/div><\/section><\/p>\n","protected":false},"excerpt":{"rendered":"","protected":false},"author":2,"featured_media":0,"parent":0,"menu_order":0,"comment_status":"closed","ping_status":"closed","template":"","meta":[],"yoast_head":"<!-- This site is optimized with the Yoast SEO plugin v20.7 - https:\/\/yoast.com\/wordpress\/plugins\/seo\/ -->\n<title>Workshops - Ameba AG<\/title>\n<meta name=\"description\" content=\"Wir bieten Workshops u.a. f\u00fcr Bildhauer, Steinmetze, Klebstofffachleute an. Rufen Sie uns an unter 061 322 24 42.\" \/>\n<meta name=\"robots\" content=\"noindex, follow, max-snippet:-1, max-image-preview:large, max-video-preview:-1\" \/>\n<meta property=\"og:locale\" content=\"de_DE\" \/>\n<meta property=\"og:type\" content=\"article\" \/>\n<meta property=\"og:title\" content=\"Workshops - Ameba AG\" \/>\n<meta property=\"og:description\" content=\"Wir bieten Workshops u.a. f\u00fcr Bildhauer, Steinmetze, Klebstofffachleute an. Rufen Sie uns an unter 061 322 24 42.\" \/>\n<meta property=\"og:url\" content=\"https:\/\/dev.ameba.ch\/index.php\/workshops\/\" \/>\n<meta property=\"og:site_name\" content=\"Ameba AG\" \/>\n<meta property=\"article:modified_time\" content=\"2023-01-11T11:32:12+00:00\" \/>\n<meta property=\"og:image\" content=\"https:\/\/dev.ameba.ch\/wp-content\/uploads\/2017\/09\/IMG20220622093356.jpg\" \/>\n<meta name=\"twitter:card\" content=\"summary_large_image\" \/>\n<meta name=\"twitter:label1\" content=\"Gesch\u00e4tzte Lesezeit\" \/>\n\t<meta name=\"twitter:data1\" content=\"2\u00a0Minuten\" \/>\n<script type=\"application\/ld+json\" class=\"yoast-schema-graph\">{\"@context\":\"https:\/\/schema.org\",\"@graph\":[{\"@type\":\"WebPage\",\"@id\":\"https:\/\/dev.ameba.ch\/index.php\/workshops\/\",\"url\":\"https:\/\/dev.ameba.ch\/index.php\/workshops\/\",\"name\":\"Workshops - Ameba AG\",\"isPartOf\":{\"@id\":\"https:\/\/dev.ameba.ch\/#website\"},\"datePublished\":\"2022-08-03T09:18:38+00:00\",\"dateModified\":\"2023-01-11T11:32:12+00:00\",\"description\":\"Wir bieten Workshops u.a. f\u00fcr Bildhauer, Steinmetze, Klebstofffachleute an. Rufen Sie uns an unter 061 322 24 42.\",\"breadcrumb\":{\"@id\":\"https:\/\/dev.ameba.ch\/index.php\/workshops\/#breadcrumb\"},\"inLanguage\":\"de\",\"potentialAction\":[{\"@type\":\"ReadAction\",\"target\":[\"https:\/\/dev.ameba.ch\/index.php\/workshops\/\"]}]},{\"@type\":\"BreadcrumbList\",\"@id\":\"https:\/\/dev.ameba.ch\/index.php\/workshops\/#breadcrumb\",\"itemListElement\":[{\"@type\":\"ListItem\",\"position\":1,\"name\":\"Home\",\"item\":\"https:\/\/dev.ameba.ch\/\"},{\"@type\":\"ListItem\",\"position\":2,\"name\":\"Workshops\"}]},{\"@type\":\"WebSite\",\"@id\":\"https:\/\/dev.ameba.ch\/#website\",\"url\":\"https:\/\/dev.ameba.ch\/\",\"name\":\"Ameba AG\",\"description\":\"\",\"publisher\":{\"@id\":\"https:\/\/dev.ameba.ch\/#organization\"},\"potentialAction\":[{\"@type\":\"SearchAction\",\"target\":{\"@type\":\"EntryPoint\",\"urlTemplate\":\"https:\/\/dev.ameba.ch\/?s={search_term_string}\"},\"query-input\":\"required name=search_term_string\"}],\"inLanguage\":\"de\"},{\"@type\":\"Organization\",\"@id\":\"https:\/\/dev.ameba.ch\/#organization\",\"name\":\"Ameba AG\",\"url\":\"https:\/\/dev.ameba.ch\/\",\"logo\":{\"@type\":\"ImageObject\",\"inLanguage\":\"de\",\"@id\":\"https:\/\/dev.ameba.ch\/#\/schema\/logo\/image\/\",\"url\":\"https:\/\/dev.ameba.ch\/wp-content\/uploads\/2017\/09\/cropped-logo-1.png\",\"contentUrl\":\"https:\/\/dev.ameba.ch\/wp-content\/uploads\/2017\/09\/cropped-logo-1.png\",\"width\":85,\"height\":85,\"caption\":\"Ameba AG\"},\"image\":{\"@id\":\"https:\/\/dev.ameba.ch\/#\/schema\/logo\/image\/\"}}]}<\/script>\n<!-- \/ Yoast SEO plugin. -->","yoast_head_json":{"title":"Workshops - Ameba AG","description":"Wir bieten Workshops u.a. f\u00fcr Bildhauer, Steinmetze, Klebstofffachleute an. Rufen Sie uns an unter 061 322 24 42.","robots":{"index":"noindex","follow":"follow","max-snippet":"max-snippet:-1","max-image-preview":"max-image-preview:large","max-video-preview":"max-video-preview:-1"},"og_locale":"de_DE","og_type":"article","og_title":"Workshops - Ameba AG","og_description":"Wir bieten Workshops u.a. f\u00fcr Bildhauer, Steinmetze, Klebstofffachleute an. Rufen Sie uns an unter 061 322 24 42.","og_url":"https:\/\/dev.ameba.ch\/index.php\/workshops\/","og_site_name":"Ameba AG","article_modified_time":"2023-01-11T11:32:12+00:00","og_image":[{"url":"https:\/\/dev.ameba.ch\/wp-content\/uploads\/2017\/09\/IMG20220622093356.jpg"}],"twitter_card":"summary_large_image","twitter_misc":{"Gesch\u00e4tzte Lesezeit":"2\u00a0Minuten"},"schema":{"@context":"https:\/\/schema.org","@graph":[{"@type":"WebPage","@id":"https:\/\/dev.ameba.ch\/index.php\/workshops\/","url":"https:\/\/dev.ameba.ch\/index.php\/workshops\/","name":"Workshops - Ameba AG","isPartOf":{"@id":"https:\/\/dev.ameba.ch\/#website"},"datePublished":"2022-08-03T09:18:38+00:00","dateModified":"2023-01-11T11:32:12+00:00","description":"Wir bieten Workshops u.a. f\u00fcr Bildhauer, Steinmetze, Klebstofffachleute an. Rufen Sie uns an unter 061 322 24 42.","breadcrumb":{"@id":"https:\/\/dev.ameba.ch\/index.php\/workshops\/#breadcrumb"},"inLanguage":"de","potentialAction":[{"@type":"ReadAction","target":["https:\/\/dev.ameba.ch\/index.php\/workshops\/"]}]},{"@type":"BreadcrumbList","@id":"https:\/\/dev.ameba.ch\/index.php\/workshops\/#breadcrumb","itemListElement":[{"@type":"ListItem","position":1,"name":"Home","item":"https:\/\/dev.ameba.ch\/"},{"@type":"ListItem","position":2,"name":"Workshops"}]},{"@type":"WebSite","@id":"https:\/\/dev.ameba.ch\/#website","url":"https:\/\/dev.ameba.ch\/","name":"Ameba AG","description":"","publisher":{"@id":"https:\/\/dev.ameba.ch\/#organization"},"potentialAction":[{"@type":"SearchAction","target":{"@type":"EntryPoint","urlTemplate":"https:\/\/dev.ameba.ch\/?s={search_term_string}"},"query-input":"required name=search_term_string"}],"inLanguage":"de"},{"@type":"Organization","@id":"https:\/\/dev.ameba.ch\/#organization","name":"Ameba AG","url":"https:\/\/dev.ameba.ch\/","logo":{"@type":"ImageObject","inLanguage":"de","@id":"https:\/\/dev.ameba.ch\/#\/schema\/logo\/image\/","url":"https:\/\/dev.ameba.ch\/wp-content\/uploads\/2017\/09\/cropped-logo-1.png","contentUrl":"https:\/\/dev.ameba.ch\/wp-content\/uploads\/2017\/09\/cropped-logo-1.png","width":85,"height":85,"caption":"Ameba AG"},"image":{"@id":"https:\/\/dev.ameba.ch\/#\/schema\/logo\/image\/"}}]}},"_links":{"self":[{"href":"https:\/\/dev.ameba.ch\/index.php\/wp-json\/wp\/v2\/pages\/1517"}],"collection":[{"href":"https:\/\/dev.ameba.ch\/index.php\/wp-json\/wp\/v2\/pages"}],"about":[{"href":"https:\/\/dev.ameba.ch\/index.php\/wp-json\/wp\/v2\/types\/page"}],"author":[{"embeddable":true,"href":"https:\/\/dev.ameba.ch\/index.php\/wp-json\/wp\/v2\/users\/2"}],"replies":[{"embeddable":true,"href":"https:\/\/dev.ameba.ch\/index.php\/wp-json\/wp\/v2\/comments?post=1517"}],"version-history":[{"count":46,"href":"https:\/\/dev.ameba.ch\/index.php\/wp-json\/wp\/v2\/pages\/1517\/revisions"}],"predecessor-version":[{"id":1759,"href":"https:\/\/dev.ameba.ch\/index.php\/wp-json\/wp\/v2\/pages\/1517\/revisions\/1759"}],"wp:attachment":[{"href":"https:\/\/dev.ameba.ch\/index.php\/wp-json\/wp\/v2\/media?parent=1517"}],"curies":[{"name":"wp","href":"https:\/\/api.w.org\/{rel}","templated":true}]}}

<p><section class="kc-elm kc-css-481873 kc_row"><div class="kc-row-container  kc-container"><div class="kc-wrap-columns"><div class="kc-elm kc-css-495811 kc_col-sm-7 kc_column kc_col-sm-7"><div class="kc-col-container">
<div class="kc-elm kc-css-971264 kc-title-wrap ">

	<h1 class="kc_title">Workshops von Profis für Profis</h1>
</div>
<div class="kc-elm kc-css-395938 kc_text_block"></p>
<p>
In regelmässigen Abständen veranstalten wir in unseren Räumen Workshops mit ausgewiesenen Profis zu hochspezialisierten Themen, u.a. für Steinmetze und Bildhauer zu <a href="https://dev.ameba.ch/index.php/services/abformmassen/" target="_blank" rel="noopener">Formenbau</a>. In Zukunft folgen auch Workshops zu <a href="https://dev.ameba.ch/index.php/services/elektrovergussmassen/" target="_blank" rel="noopener">Elektrovergussmassen</a> und Klebeanwendungen mit <a href="https://dev.ameba.ch/index.php/services/klebstoffe/" target="_blank" rel="noopener">Strukturklebstoffen</a>.</p>
<p><span style="font-style: inherit;">In Kürze werden neue Termine aufgeschaltet. </span></p>
<p><span style="font-style: inherit;">Haben Sie Interesse an einem Workshop? Dann freuen wir uns über Ihre Kontaktaufnahme unter 061 322 42 24 oder info@ameba.ch.</span></p>
<p>
</div><div class="kc-elm kc-css-561227" style="height: 20px; clear: both; width:100%;"></div>
<div class="kc-elm kc-css-473867 kc-title-wrap ">

	<h3 class="kc_title">Nächste Termine:</h3>
</div>
<div class="kc-elm kc-css-494765 kc_text_block"></p>
<p><strong>Termin folgt in Kürze</strong></p>
<p>Workshop mit <a href="https://skulpturen-atelier.ch/" target="_blank" rel="noopener">Haiggi Baumgartner</a> von der Basler Münsterbauhütte zum Thema &#8220;Abformen in der Vertikale"</p>
<p>Anmeldungen an info@ameba.ch. Maximale Teilnehmerzahl 8 Personen.</p>
<ul>
<li>Dauer 9.00 &#8211; 17.00 Uhr</li>
<li>Kurskosten: CHF 200 inklusive Mittagessen und Kursmaterialien</li>
</ul>
<p>Weitere Informationen folgen.</p>
<p>
</div></div></div><div class="kc-elm kc-css-838442 kc_col-sm-5 kc_column kc_col-sm-5"><div class="kc-col-container"><div class="kc-elm kc-css-891036" style="height: 81px; clear: both; width:100%;"></div><div class="kc-elm kc-css-237350 kc_shortcode kc_single_image">

        <img src="https://dev.ameba.ch/wp-content/uploads/2017/09/IMG20220622093356.jpg" class="" alt="" />    </div>
<div class="kc-elm kc-css-445788 kc_row kc_row_inner"><div class="kc-elm kc-css-774129 kc_col-sm-6 kc_column_inner kc_col-sm-6"><div class="kc_wrapper kc-col-inner-container"><div class="kc-elm kc-css-470462 kc_shortcode kc_single_image">

        <img src="https://dev.ameba.ch/wp-content/uploads/2017/09/IMG20220622091601.jpg" class="" alt="" />    </div>
</div></div><div class="kc-elm kc-css-102170 kc_col-sm-6 kc_column_inner kc_col-sm-6"><div class="kc_wrapper kc-col-inner-container"><div class="kc-elm kc-css-266915 kc_shortcode kc_single_image">

        <img src="https://dev.ameba.ch/wp-content/uploads/2017/09/IMG20220622161938.jpg" class="" alt="" />    </div>
</div></div></div></div></div></div></div></section><section class="kc-elm kc-css-638017 kc_row"><div class="kc-row-container  kc-container"><div class="kc-wrap-columns"><div class="kc-elm kc-css-636368 kc_col-sm-12 kc_column kc_col-sm-12"><div class="kc-col-container"><div class="kc-elm kc-css-792130 kc_box_wrap "><div><div class="one-one"><p><br></p></div></div></div></div></div></div></div></section><section class="kc-elm kc-css-211990 kc_row"><div class="kc-row-container  kc-container"><div class="kc-wrap-columns"><div class="kc-elm kc-css-567597 kc_col-sm-12 kc_column kc_col-sm-12"><div class="kc-col-container"><div class="kc-elm kc-css-698220 kc_row kc_row_inner"><div class="kc-elm kc-css-316985 kc_col-sm-6 kc_column_inner kc_col-sm-6"><div class="kc_wrapper kc-col-inner-container">
<div class="kc-elm kc-css-943755 kc-title-wrap ">

	<h3 class="kc_title">Vergangene Termine:</h3>
</div>
<div class="kc-elm kc-css-847792 kc_text_block"></p>
<h4>Workshop &#8220;Praktischer Umgang mit Silikon im Gussformenbau" vom 22. Juni 2022</h4>
<p>
</div><div class="kc-elm kc-css-323709 kc_shortcode kc_single_image">

        <a  href="https://dev.ameba.ch/wp-content/uploads/2017/09/Flyer_Workshop_22.6.22.jpg" title="" target="">
        <img src="https://dev.ameba.ch/wp-content/uploads/2017/09/Flyer_Workshop_22.6.22-218x300.jpg" class="" alt="" />    </a>
    </div>
</div></div><div class="kc-elm kc-css-405564 kc_col-sm-6 kc_column_inner kc_col-sm-6"><div class="kc_wrapper kc-col-inner-container"></div></div></div></div></div></div></div></section></p>

<!-- This site is optimized with the Yoast SEO plugin v20.7 - https://yoast.com/wordpress/plugins/seo/ -->
<title>Workshops - Ameba AG</title>
<meta name="description" content="Wir bieten Workshops u.a. für Bildhauer, Steinmetze, Klebstofffachleute an. Rufen Sie uns an unter 061 322 24 42." />
<meta name="robots" content="noindex, follow, max-snippet:-1, max-image-preview:large, max-video-preview:-1" />
<meta property="og:locale" content="de_DE" />
<meta property="og:type" content="article" />
<meta property="og:title" content="Workshops - Ameba AG" />
<meta property="og:description" content="Wir bieten Workshops u.a. für Bildhauer, Steinmetze, Klebstofffachleute an. Rufen Sie uns an unter 061 322 24 42." />
<meta property="og:url" content="https://dev.ameba.ch/index.php/workshops/" />
<meta property="og:site_name" content="Ameba AG" />
<meta property="article:modified_time" content="2023-01-11T11:32:12+00:00" />
<meta property="og:image" content="https://dev.ameba.ch/wp-content/uploads/2017/09/IMG20220622093356.jpg" />
<meta name="twitter:card" content="summary_large_image" />
<meta name="twitter:label1" content="Geschätzte Lesezeit" />
	<meta name="twitter:data1" content="2 Minuten" />
<script type="application/ld+json" class="yoast-schema-graph">{"@context":"https://schema.org","@graph":[{"@type":"WebPage","@id":"https://dev.ameba.ch/index.php/workshops/","url":"https://dev.ameba.ch/index.php/workshops/","name":"Workshops - Ameba AG","isPartOf":{"@id":"https://dev.ameba.ch/#website"},"datePublished":"2022-08-03T09:18:38+00:00","dateModified":"2023-01-11T11:32:12+00:00","description":"Wir bieten Workshops u.a. für Bildhauer, Steinmetze, Klebstofffachleute an. Rufen Sie uns an unter 061 322 24 42.","breadcrumb":{"@id":"https://dev.ameba.ch/index.php/workshops/#breadcrumb"},"inLanguage":"de","potentialAction":[{"@type":"ReadAction","target":["https://dev.ameba.ch/index.php/workshops/"]}]},{"@type":"BreadcrumbList","@id":"https://dev.ameba.ch/index.php/workshops/#breadcrumb","itemListElement":[{"@type":"ListItem","position":1,"name":"Home","item":"https://dev.ameba.ch/"},{"@type":"ListItem","position":2,"name":"Workshops"}]},{"@type":"WebSite","@id":"https://dev.ameba.ch/#website","url":"https://dev.ameba.ch/","name":"Ameba AG","description":"","publisher":{"@id":"https://dev.ameba.ch/#organization"},"potentialAction":[{"@type":"SearchAction","target":{"@type":"EntryPoint","urlTemplate":"https://dev.ameba.ch/?s={search_term_string}"},"query-input":"required name=search_term_string"}],"inLanguage":"de"},{"@type":"Organization","@id":"https://dev.ameba.ch/#organization","name":"Ameba AG","url":"https://dev.ameba.ch/","logo":{"@type":"ImageObject","inLanguage":"de","@id":"https://dev.ameba.ch/#/schema/logo/image/","url":"https://dev.ameba.ch/wp-content/uploads/2017/09/cropped-logo-1.png","contentUrl":"https://dev.ameba.ch/wp-content/uploads/2017/09/cropped-logo-1.png","width":85,"height":85,"caption":"Ameba AG"},"image":{"@id":"https://dev.ameba.ch/#/schema/logo/image/"}}]}</script>
<!-- / Yoast SEO plugin. -->

Wir bieten Workshops u.a. für Bildhauer, Steinmetze, Klebstofffachleute an. Rufen Sie uns an unter 061 322 24 42.
